he remainder when 186 is divided by 41.
22
Calculate the remainder when 304 is divided by 61.
60
Calculate the remainder when 1217 is divided by 6.
5
Calculate the remainder when 1583 is divided by 144.
143
What is the remainder when 10848 is divided by 231?
222
What is the remainder when 607 is divided by 12?
7
What is the remainder when 151 is divided by 39?
34
Calculate the remainder when 2233 is divided by 1111.
11
What is the remainder when 297 is divided by 60?
57
What is the remainder when 242 is divided by 13?
8
Calculate the remainder when 2774 is divided by 348.
338
What is the remainder when 161 is divided by 58?
45
Calculate the remainder when 6846 is divided by 13.
8
Calculate the remainder when 1609 is divided by 200.
9
What is the remainder when 807 is divided by 121?
81
Calculate the remainder when 91 is divided by 12.
7
Calculate the remainder when 327 is divided by 30.
27
Calculate the remainder when 82 is divided by 12.
10
What is the remainder when 192 is divided by 69?
54
What is the remainder when 1596 is divided by 793?
10
Calculate the remainder when 890 is divided by 19.
16
Calculate the remainder when 156 is divided by 75.
6
Calculate the remainder when 577 is divided by 123.
85
Calculate the remainder when 114 is divided by 104.
10
Calculate the remainder when 491 is divided by 127.
110
Calculate the remainder when 1032 is divided by 372.
288
Calculate the remainder when 972 is divided by 103.
45
What is the remainder when 1087 is divided by 136?
135
Calculate the remainder when 55 is divided by 7.
6
Calculate the remainder when 417 is divided by 37.
10
What is the remainder when 25 is divided by 24?
1
Calculate the remainder when 69 is divided by 61.
8
Calculate the remainder when 212 is divided by 47.
24
What is the remainder when 95 is divided by 28?
11
What is the remainder when 225 is divided by 77?
71
What is the remainder when 147 is divided by 10?
7
Calculate the remainder when 204 is divided by 13.
9
Calculate the remainder when 455 is divided by 114.
113
What is the remainder when 265 is divided by 54?
49
Calculate the remainder when 2991 is divided by 594.
21
Calculate the remainder when 309 is divided by 85.
54
Calculate the remainder when 1447 is divided by 280.
47
What is the remainder when 766 is divided by 766?
0
Calculate the remainder when 127 is divided by 11.
6
Calculate the remainder when 127 is divided by 8.
7
Calculate the remainder when 268 is divided by 54.
52
What is the remainder when 1766 is divided by 26?
24
Calculate the remainder when 221 is divided by 25.
21
Calculate the remainder when 1156 is divided by 97.
89
Calculate the remainder when 49 is divided by 23.
3
Calculate the remainder when 423 is divided by 135.
18
What is the remainder when 855 is divided by 38?
19
Calculate the remainder when 3280 is divided by 7.
4
What is the remainder when 94 is divided by 26?
16
What is the remainder when 154 is divided by 78?
76
Calculate the remainder when 2208 is divided by 130.
128
Calculate the remainder when 114 is divided by 6.
0
What is the remainder when 265 is divided by 14?
13
Calculate the remainder when 384 is divided by 11.
10
What is the remainder when 307 is divided by 68?
35
What is the remainder when 2029 is divided by 21?
13
What is the remainder when 140 is divided by 8?
4
Calculate the remainder when 7349 is divided by 127.
110
Calculate the remainder when 875 is divided by 75.
50
Calculate the remainder when 195 is divided by 33.
30
What is the remainder when 2322 is divided by 15?
12
What is the remainder when 1268 is divided by 632?
4
Calculate the remainder when 352 is divided by 114.
10
Calculate the remainder when 561 is divided by 43.
2
What is the remainder when 45 is divided by 10?
5
What is the remainder when 701 is divided by 203?
92
Calculate the remainder when 97 is divided by 9.
7
Calculate the remainder when 164 is divided by 161.
3
Calculate the remainder when 328 is divided by 83.
79
What is the remainder when 59 is divided by 20?
19
Calculate the remainder when 366 is divided by 148.
70
What is the remainder when 490 is divided by 29?
26
What is the remainder when 80 is divided by 80?
0
What is the remainder when 2405 is divided by 34?
25
Calculate the remainder when 4299 is divided by 16.
11
What is the remainder when 645 is divided by 38?
37
What is the remainder when 4988 is divided by 2490?
8
What is the remainder when 123 is divided by 44?
35
Calculate the remainder when 5960 is divided by 22.
20
What is the remainder when 172 is divided by 74?
24
Calculate the remainder when 344 is divided by 338.
6
Calculate the remainder when 9013 is divided by 14.
11
Calculate the remainder when 272 is divided by 23.
19
Calculate the remainder when 179 is divided by 46.
41
Calculate the remainder when 875 is divided by 425.
25
What is the remainder when 2554 is divided by 71?
69
Calculate the remainder when 406 is divided by 125.
31
What is the remainder when 233 is divided by 26?
25
Calculate the remainder when 37 is divided by 16.
5
What is the remainder when 4428 is divided by 10?
8
What is the remainder when 469 is divided by 63?
28
Calculate the remainder when 549 is divided by 138.
135
Calculate the remainder when 124 is divided by 33.
25
What is the remainder when 516 is divided by 47?
46
What is the remainder when 1017 is divided by 30?
27
Calculate the remainder when 37013 is divided by 14.
11
What is the remainder when 7253 is divided by 41?
37
Calculate the remainder when 1075 is divided by 83.
79
Calculate the remainder when 812 is divided by 74.
72
Calculate the remainder when 79 is divided by 63.
16
What is the remainder when 310 is divided by 35?
30
What is the remainder when 1239 is divided by 33?
18
Calculate the remainder when 75 is divided by 14.
5
Calculate the remainder when 6593 is divided by 2194.
11
Calculate the remainder when 487 is divided by 84.
67
What is the remainder when 3715 is divided by 10?
5
Calculate the remainder when 289 is divided by 61.
45
Calculate the remainder when 1706 is divided by 57.
53
What is the remainder when 3157 is divided by 212?
189
What is the remainder when 59 is divided by 7?
3
What is the remainder when 3688 is divided by 88?
80
What is the remainder when 349 is divided by 115?
4
What is the remainder when 69 is divided by 11?
3
Calculate the remainder when 62 is divided by 21.
20
Calculate the remainder when 316 is divided by 44.
8
What is the remainder when 100 is divided by 48?
4
What is the remainder when 3793 is divided by 33?
31
What is the remainder when 17936 is divided by 78?
74
What is the remainder when 753 is divided by 24?
9
Calculate the remainder when 13191 is divided by 31.
16
Calculate the remainder when 800 is divided by 18.
8
What is the remainder when 124 is divided by 49?
26
What is the remainder when 161 is divided by 80?
1
What is the remainder when 395 is divided by 101?
92
Calculate the remainder when 331 is divided by 5.
1
What is the remainder when 12955 is divided by 48?
43
Calculate the remainder when 588 is divided by 120.
108
What is the remainder when 284 is divided by 18?
14
Calculate the remainder when 940 is divided by 23.
20
What is the remainder when 423 is divided by 164?
95
What is the remainder when 180 is divided by 37?
32
What is the remainder when 95 is divided by 25?
20
Calculate the remainder when 243 is divided by 4.
3
Calculate the remainder when 398 is divided by 127.
17
What is the remainder when 3290 is divided by 1082?
44
What is the remainder when 508 is divided by 51?
49
Calculate the remainder when 820 is divided by 400.
20
Calculate the remainder when 62 is divided by 32.
30
What is the remainder when 2010 is divided by 45?
30
What is the remainder when 22400 is divided by 131?
130
What is the remainder when 1753 is divided by 17?
2
Calculate the remainder when 31 is divided by 9.
4
What is the remainder when 1451 is divided by 22?
21
Calculate the remainder when 4097 is divided by 228.
221
What is the remainder when 717 is divided by 16?
13
Calculate the remainder when 1028 is divided by 24.
20
Calculate the remainder when 4403 is divided by 400.
3
What is the remainder when 3560 is divided by 162?
158
What is the remainder when 523 is divided b